))?
-10
-5 + -8 + -3 + 14
-2
What is -3 - (-3 - -7) - (-1 - -7 - 6)?
-7
-5 + -3 + (-11 - -9) + 10
0
What is the value of -14 - (9 + -2 - 9) - 2?
-14
-13 + -2 + 11 - -7
3
What is the value of 36 - ((26 - 21) + 11)?
20
Calculate -2 + 2 - (-9 - (4 + -9 - 0)).
4
Calculate 259 - 255 - (0 - 7).
11
Calculate 6 + (-16 - -18) + (-3 - (-8 + 0)).
13
Calculate -150 + 139 - (-12 - 2).
3
Evaluate 22 + -1 + ((8 - 6) + -10 - -3).
16
7 - (-7 + 4 + 7 - -8)
-5
What is the value of 0 + 3 + -3 + (-16 - 22 - -50)?
12
-18 + 37 + (-3 + 0 - 1) + 0
15
(-48 + 41 - (-2 - 0)) + (12 - -4)
11
Evaluate -18 + (60 - 16) + -9 + -2.
15
-2 + 5 + -10 - ((-12 - -13) + -2)
-6
(-6 - (8 + -4)) + (4 - 6 - -3)
-9
What is the value of 4 - (11 + -7) - (1 - 6)?
5
-3 + 0 - (243 - 240)
-6
Calculate 6 - (-27 - -65) - (-3 - 2).
-27
What is the value of (7 - (13 + -1)) + -7 + 4?
-8
(9 - 4) + 1 - -10 - 10
6
-4 + -10 - (-3 - (3 - 20))
-28
Evaluate (2 + -14 - (-2 - 0)) + (59 - 59).
-10
Calculate (9 - (3 + (-9 - -12))) + -20.
-17
Calculate -17 + 11 - -8 - (-12 - 2) - 4.
12
What is the value of -11 - (1 + -2) - (-128 + 123)?
-5
What is the value of -48 - -45 - (7 + -3 - 22)?
15
-4 - -10 - (1 - 7)
12
What is -38 + 14 + (12 - 10) - (-2 + -4)?
-16
What is the value of -10 + (-10 - (1 - 8)) + -8?
-21
(39 - 29) + -15 - (-8 - 2)
5
What is 40 + -36 - (-2 + 4 - -2 - -9)?
-9
What is the value of 1 + -11 + (-2 - -5) + 16?
9
What is the value of -8 - (-14 - -5) - (1 + -4 - -2)?
2
What is (5 - -19) + 8 + -24?
8
Calculate (16 - (-2 + 3)) + (-548 - -555).
22
Calculate 27 - (19 + -7 + -4 + 5 + -12).
26
What is -13 - (-2 - (-15 - (-18 - -20)))?
-28
What is the value of (18 - (-34 - -18)) + (1 - 11)?
24
What is 10 + -9 + -21 - -11?
-9
What is -119 - -134 - (-1 + 20)?
-4
What is -2 + 13 + 8 + -19 + 1 + -12?
-11
(37 - 2) + 1 + 52 + (-25 - 29)
34
What is 24 + -36 - ((-2 - 2) + 1)?
-9
(-3 - (6 - (7 + -4) - 7)) + 3
4
Calculate -13 + 5 + 17 + -5.
4
What is 6 - (-9 + (10 + -18 - -29))?
-6
What is -5 - (6 - 4 - 9 - 2)?
4
Evaluate (4 - 15) + -7 + 8 - (1 + 0).
-11
Calculate (606 - 569) + (3 - (3 + 17)).
20
What is the value of 38 - 19 - 18 - (0 - -2)?
-1
What is (12 + 2 - 15) + (1 - 16)?
-16
Evaluate (18 - 31) + 19 + -11.
-5
What is the value of -2 + (12 - 2) + (1 - -5)?
14
Evaluate 15 - (18 - (-1 + 9)).
5
(3 - 2) + -80 + 53 + (1 - -6)
-19
Evaluate -12 - (-10 + 11 - (-3 - -8)).
-8
What is the value of 9 - (-36 - (6 - 38 - -14))?
27
What is 14 + (-14 - (-17 - -36))?
-19
Evaluate 4 + 1 + (1 - -4 - (-8 - -12)).
6
1 + -5 + (-105 - -116) - 9
-2
1 - (-11 - (-2 - 17))
-7
What is -7 + -19 + 14 + 5 + -1 + 2?
-6
(-2 - (-4 + -1)) + 5 - 17
-9
What is (-16 - 3) + (-11 - -47 - 26)?
-9
What is 50 - 51 - (-7 - (-3 - -3)) - 23?
-17
What is the value of (0 - (-22 - (5 - 17))) + -29?
-19
What is -1 + (-1 - 5) - (-15 - (-21 - -13))?
0
Evaluate (34 - (-10 + 25)) + -7.
12
What is the value of 1 - (17 + -46 - -6)?
24
Calculate -15 + 13 + -3 + 0 + -6.
-11
-6 + (-13 - -15) + 3
-1
What is the value of -16 - ((2 - (-11 + 28)) + -3)?
2
49 + -23 - (-4 + 1 + -5)
34
Calculate 7 + (2 + 5 - 6 - 5).
3
What is 18 - ((0 - 0) + 4 - (-536 - -543))?
21
What is -17 - -16 - (-9 + (4 - 1) + 13)?
-8
5 + (1 - (2 - -1)) + -125 + 119
-3
What is -27 + 13 + (1 - (1 - 6))?
-8
What is 6 - (1 + -9 + 9) - 16?
-11
-12 - (24 - (32 - 13) - 19)
2
What is -14 + 0 - 3 - -14?
-3
What is the value of (-17 - (-37 - -18)) + (5 - 2)?
5
What is (1 - 5) + (-1 - 2 - -9) - 4?
-2
What is the value of 2 - (-5 - -28 - (9 + -3))?
-15
-12 + 5 - (-28 + 13 + 3)
5
Calculate -1 + -5 + 0 - (53 + -71 + 23).
-11
Evaluate (3 - -1) + -894 + 901.
11
Calculate 36 + -50 + 3 + -2.
-13
What is (6 - 26) + 12 - -14?
6
What is 2 + -1 - -11 - (725 - 678)?
-35
Calculate (34 - 63 - -58) + -65.
-36
-18 + 5 + -3 + (-15 - -51)
20
(-1 - -13 - (133 - 131)) + -3 + 1
8
Calculate -3 + -2 + 0 + 1 + 0 + 2.
-2
What is 8 + -16 - (4 + 2 - -15)?
-29
9 - (15 - (15 - 3)) - -4
10
What is the value of (39 - 4) + -20 + (-5 - -20)?
30
-8 + 5 - (-15 + 27 + -3)
-12
Evaluate (-10 - -7) + -3 + -5 + 5 + 0.
-6
10 - (7 + 8) - (-55 - -54)
-4
(-48 - -30) + (-3 - 6)
-27
What is 11 - (-25 + 27) - 27?
-18
What is the value of 15 - (-2 - 0) - (16 + -4 - 14)?
19
Evaluate 9 + (-2 - 32 - 1).
-26
Calculate -15 + 30 + (12 - 21).
6
Calculate (5 - 8) + 12 + -10 - (2 - 3).
0
Calculate 10 - 2 - (21 + (29 - 15) + -35).
8
What is -33 + 2 + 1268 + -1255?
-18
(-16 - -1) + -233 + 250
2
Calculate 0 + -6 - (6 - (-1 + 3 + 3)).
-7
Evaluate -39 + 1 + (-14 - -18) + 6.
-28
What is the value of (14 - (7 - -1)) + -8 + -4?
-6
-36 + 2 + (184 - 131)
19
Calculate -5 - (-3 + -1) - -6 - -2.
7
What is -18 + 12 + (15 - 14)?
-5
Calculate 292 + -303 + (-1 - (1 - -1 - -1)).
-15
Calculate 3 - (1 + -8 + 11).
-1
1 + 20 + -25 + -2
-6
What is (0 + 5 - -1) + 1198 + -1203?
1
Evaluate (-466 - -445) + 0 + -1.
-22
Calculate 5 + -16 + -17 + 16.
-12
(-2 - 0 - (5 + -4)) + 35 + -23
9
What is -12 - 5 - -13 - (9 + -3)?
-10
What is the value of 12 + (-10 + -3 + 9 - 0)?
8
Calculate 8 + 0 + 4 - (-22 + 18).
16
2 - (5 + (-1 - -4) - -2)
-8
What is the value of 4 + 1 + -21 - (-3 + -3)?
-10
0 + (-28 - -65) - -2
39
-10 - (-21 - -33 - 16)
-6
What is -17 + (-12 - (-32 + 5))?
-2
What is the value of 14 + 29 + -17 + -2 + 5?
29
Calculate (5 - 15) + -2 + 4 + 26 + -3.
15
What is the value of 30 + 4 + -1 - (206 + -195)?
22
-69 + 73 + -1 + 8 + 2 - -8
21
Evaluate -14 + (-7 - -2) + 5 - -38.
24
What is (0 - -16) + (-13 - 9) + -26 + -1?
-33
-24 + -1 - 1 - -6 - -6
-14
(-13 + -3 - (-84 - -71)) + -18 + 2
-19
Calculate -20 - (-31 + (17 - 4)).
-2
What is (-12 - (-4 + 3 - 5 - -6)) + 5?
-7
What is -2 - -2 - (4 - (5 + -4 - 10))?
-13
Evaluate 8 - 27 - (-1 + -12).
-6
Evaluate 82 - 65 - (2 + 15).
0
14 + -20 + -7 + 14 + 3 + -5
-1
-13 + -2 + 1 + (3 - 10)
-21
Evaluate -81 + (37 - -32) - (0 + -1 + 0).
-11
Evaluate 1 - 2 - (150 - 141) - (15 - -6).
-31
What is 3 - (18 + -44) - 22?
7
What is (-34 - 0) + 28 - (-13 + 1)?
6
Evaluate (718 - 679) + 2 + -41.
0
Evaluate -5 - (-14 - (-8 - -2)) - (1 - -6).
-4
Evaluate (0 - (1 + 1)) + (-53 + 20 - -32).
-3
Calculate -4 - (4 - (-7 + 15 + 1)) - 1.
0
Evaluate (-123 + 121 - 20) + (10 - (0 + 1)).
-13
What is 6 - -8 - ((1 + -5 - 5) + 5)?
18
0 + 2 + 16 + 86 + -74 + -2
28
Calculate -4 - (-16 + (10 - 3 - -1)).
4
What is the value of -29 + (68 - 29) - (-1 + 9)?
2
13 + (5 - 5) + (19 - 2)
30
10 - 3 - 0 - (23 - 20) - 1
3
What is 4 + (6 + -6 - 6) - (-24 + 7)?
15
-15 - ((621 - 635) + 0 + -13)
12
What is 1 + (-20 - -5) + 4?
-10
Calculate (-1 + 4 - 25) + 14.
-8
4 + -5 + -14 + 5
-10
1 + -1 - ((53 - 43) + (3 - 43))
30
What is the value of 76 + -89 - ((-2 - -6) + 6)?
-23
Calculate (-76 - -77) + 2 + (2 - 1) + -19.
-15
What is the value of (2 - (-2 + 0)) + (19 - (-9 + 17))?
15
Calculate -46 - -23 - (-1 - 20).
-2
Evaluate (-1 - (-3 + 5 + 3)) + (93 - 85).
2
Calculate (16 - -30 - 69) + 2.
-21
4 - (21 - 11 - 14)
8
(7 - 7) + 4 + (-2 - 7) + 15
10
What is 0 + (16 - (42 - 27))?
1
Calculate -5 - (9 - -12 - 17).
-9
3 + (-2 - -3 - -2) - (26 + -9)
-11
Evaluate -16 - ((18 - 41) + 19).
-12
Calculate 16 - -6 - (-7 + (5 - -10)).
14
Evaluate 10 + 1 + (-10 - (0 + -12)).
13
Calculate (-21 - (21 - 27)) + 2 + -3 + 0.
-16
Calculate -21 + 4 + -6 + 6.
-17
Evaluate 33 + -41 - (2 - 12).
2
0 + -1 + (-1 + (8 - 5) - 0)
1
Evaluate 3 - (4 + (-5 - 4)).
8
-8 + 10 + 15 - 37
-20
What is the value of (31 + (-13 - 2) - 11) + 13?
18
Evaluate (-20 - (-6 - 4)) + (-15 - -22).
-3
Evaluate (3 - 11 - -24) + -23.
-7
What is the value of -34 + 35 + -36 - -17?
-18
What is 7 + (-18 - (7 + -12 + 1))?
-7
Calculate 9 + -1 + 1 + -4 + 6.
11
Calculate -961 - -961 - (1 + -3).
2
Calculate (-6 + -3 - -2) + (7 + 6 - -2).
8
Evaluate (-7 - (1 + -1)) + -30 + -34 + 72.
1
Evaluate 0 - (1 - 14 - -18).
-5
What is the value of -13 + 41 + -11 - 4?
13
Calculate (9 - 14) + 19 + -4 - -6.
16
What is (2 + -1 - ((35 - 16) + -22)) + 4?
8
Evaluate 21 + -27 - (-9 - 3).
6
What is -15 - -13 - (-3 + 16)?
-15
Calculate (17 - 24) + -8 + 14.
-1
60 + -67 + -1 + 2 - 0
-6
What is the value of 3 - 0 - (1 - ((12 - 7) + 3))?
10
-9 - (-10 - (3 - -8) - -8)
4
Evaluate -4 - -9 - 7 - (4 - 16).
10
(-22 - -3) + 17 + (11 - 1 - -2)
10
Evaluate 15 + (14 - 10) - (-6 + 18).
7
What is -3 - (-1 - -5) - -6 - -11?
10
2 + (6 - ((-13 - -15) + (-1 - -5)))
2
Evaluate -453 - -449 - (-1 - -3).
-6
Calculate (10 - 14) + -39